iple of 139?
False
Is 6 a factor of 10272?
True
Is 25 a factor of 1325?
True
Is 27 a factor of 685?
False
Is 3 a factor of 4701?
True
Is 13 a factor of 1954?
False
Does 14 divide 818?
False
Does 8 divide 350?
False
Does 17 divide 9312?
False
Is 942 a multiple of 50?
False
Does 6 divide 285?
False
Is 10 a factor of 11550?
True
Is 10654 a multiple of 12?
False
Does 5 divide 39?
False
Is 10 a factor of 39670?
True
Does 10 divide 1560?
True
Is 5 a factor of 105?
True
Does 3 divide 754?
False
Is 390 a multiple of 36?
False
Is 1403 a multiple of 17?
False
Is 2258 a multiple of 58?
False
Does 3 divide 337?
False
Is 522 a multiple of 13?
False
Is 98 a factor of 15582?
True
Is 5 a factor of 18134?
False
Is 15 a factor of 36325?
False
Does 20 divide 4100?
True
Does 64 divide 12672?
True
Is 10 a factor of 2000?
True
Is 7992 a multiple of 36?
True
Is 1494 a multiple of 83?
True
Is 3807 a multiple of 11?
False
Does 8 divide 1548?
False
Is 1860 a multiple of 62?
True
Is 267 a multiple of 4?
False
Does 13 divide 869?
False
Is 61 even?
False
Does 7 divide 579?
False
Does 19 divide 71459?
True
Is 912 a multiple of 2?
True
Does 99 divide 3465?
True
Is 51 a factor of 1473?
False
Does 39 divide 56791?
False
Does 3 divide 4081?
False
Is 19 a factor of 16587?
True
Is 232 a multiple of 4?
True
Is 20415 a multiple of 15?
True
Is 1045 a multiple of 55?
True
Is 13965 a multiple of 19?
True
Is 234 a multiple of 2?
True
Is 96 a multiple of 48?
True
Is 12 a factor of 48?
True
Is 2673 a multiple of 99?
True
Is 27 a factor of 14904?
True
Does 10 divide 5860?
True
Is 20443 a multiple of 52?
False
Does 66 divide 77748?
True
Is 806 a multiple of 5?
False
Is 3235 a multiple of 39?
False
Does 80 divide 11317?
False
Does 45 divide 450?
True
Is 31 a factor of 651?
True
Is 10 a factor of 37141?
False
Does 48 divide 816?
True
Does 51 divide 11216?
False
Does 15 divide 225?
True
Is 1188 a multiple of 108?
True
Does 22 divide 24640?
True
Is 5 a factor of 1107?
False
Is 1740 a multiple of 6?
True
Does 7 divide 707?
True
Does 14 divide 532?
True
Does 84 divide 3864?
True
Is 884 a multiple of 7?
False
Is 47 a multiple of 3?
False
Is 61914 a multiple of 102?
True
Does 51 divide 10251?
True
Does 6 divide 216?
True
Is 27 a factor of 51192?
True
Does 254 divide 15775?
False
Is 2071 a multiple of 89?
False
Does 4 divide 1707?
False
Is 6 a factor of 19223?
False
Is 22885 a multiple of 115?
True
Is 6 a factor of 3301?
False
Does 49 divide 426?
False
Is 2002 a multiple of 13?
True
Does 9 divide 50?
False
Is 4647 a multiple of 121?
False
Is 14 a factor of 1358?
True
Is 195 a factor of 47481?
False
Is 98856 a multiple of 72?
True
Is 2340 a multiple of 90?
True
Does 24 divide 1025?
False
Does 7 divide 484?
False
Does 48 divide 384?
True
Is 4161 a multiple of 19?
True
Is 8 a factor of 6255?
False
Is 119807 a multiple of 19?
False
Is 8692 a multiple of 25?
False
Does 10 divide 3130?
True
Does 9 divide 418?
False
Does 25 divide 3841?
False
Does 122 divide 13542?
True
Is 58825 a multiple of 55?
False
Is 30 a multiple of 30?
True
Is 8 a factor of 440?
True
Is 1256 a multiple of 10?
False
Does 293 divide 5860?
True
Is 17 a factor of 697?
True
Is 33 a factor of 198?
True
Is 5 a factor of 1482?
False
Is 165 a factor of 23430?
True
Is 22 a factor of 3124?
True
Does 10 divide 7176?
False
Does 2 divide 12539?
False
Is 16985 a multiple of 7?
False
Is 313 a multiple of 30?
False
Is 139 a multiple of 38?
False
Does 18 divide 3022?
False
Does 40 divide 452?
False
Is 243 a multiple of 14?
False
Is 352 a multiple of 6?
False
Is 434 a multiple of 7?
True
Is 7344 a multiple of 64?
False
Does 35 divide 125263?
False
Is 41840 a multiple of 59?
False
Is 2483 a multiple of 6?
False
Is 18 a factor of 1674?
True
Is 10815 a multiple of 35?
True
Is 153 a factor of 13778?
False
Is 5 a factor of 1044?
False
Is 50 a factor of 1700?
True
Does 41 divide 5944?
False
Is 4 a factor of 412?
True
Does 36 divide 294?
False
Does 28 divide 1832?
False
Is 123 a factor of 5412?
True
Does 4 divide 2762?
False
Is 7 a factor of 126?
True
Is 49 a factor of 2340?
False
Is 103 a factor of 124424?
True
Does 257 divide 56283?
True
Is 32897 a multiple of 33?
False
Is 336 a multiple of 14?
True
Is 37 a factor of 3727?
False
Is 43121 a multiple of 17?
False
Is 9 a factor of 63916?
False
Is 5 a factor of 1053?
False
Does 79 divide 1799?
False
Is 15 a factor of 31125?
True
Is 1877 a multiple of 50?
False
Is 76 a factor of 162?
False
Is 10 a factor of 770?
True
Does 4 divide 2154?
False
Does 50 divide 616?
False
Does 100 divide 2600?
True
Is 8485 a multiple of 41?
False
Does 102 divide 1346?
False
Is 8087 a multiple of 104?
False
Does 14 divide 40?
False
Is 51 a factor of 4832?
False
Does 66 divide 21705?
False
Does 3 divide 286?
False
Does 3 divide 117?
True
Is 11 a factor of 7326?
True
Does 134 divide 21805?
False
Is 130 a multiple of 5?
True
Is 36 a factor of 2088?
True
Does 9 divide 18058?
False
Does 45 divide 405?
True
Is 1511 a multiple of 104?
False
Is 13 a factor of 5577?
True
Does 15 divide 3360?
True
Is 9639 a multiple of 119?
True
Is 31 a factor of 84522?
False
Does 8 divide 264?
True
Does 35 divide 9380?
True
Is 43 a factor of 6654?
False
Is 67 a factor of 2412?
True
Does 31 divide 6448?
True
Is 11352 a multiple of 43?
True
Does 33 divide 24189?
True
Is 5 a factor of 15691?
False
Does 5 divide 163?
False
Does 6 divide 763?
False
Does 48 divide 39532?
False
Does 105 divide 72134?
False
Is 144690 a multiple of 15?
True
Does 10 divide 72320?
True
Is 9 a factor of 1133?
False
Does 4 divide 3148?
True
Is 15 a factor of 695?
False
Does 81 divide 4050?
True
Does 11 divide 1276?
True
Is 115 a factor of 18377?
False
Is 14 a factor of 234?
False
Is 1904 a multiple of 34?
True
Does 30 divide 35645?
False
Is 536 a multiple of 8?
True
Is 4 a factor of 4160?
True
Does 3 divide 58?
False
Does 27 divide 54?
True
Is 40198 a multiple of 19?
False
Does 152 divide 15048?
True
Does 39 divide 35685?
True
Does 9 divide 180?
True
Is 3264 a multiple of 68?
True
Is 28054 a multiple of 169?
True
Does 16 divide 352?
True
Does 53 divide 6906?
False
Is 2392 a multiple of 13?
True
Does 28 divide 15428?
True
Is 920 a multiple of 40?
True
Does 12 divide 660?
True
Is 24 a factor of 2642?
False
Is 3879 a multiple of 4?
False
Is 659 a multiple of 7?
False
Is 52 a factor of 38272?
True
Is 79 a multiple of 9?
False
Is 48 a multiple of 6?
True
Is 308 a multiple of 22?
True
Is 8 a factor of 308?
False
Does 20 divide 80880?
True
Does 28 divide 1351?
False
Is 11 a factor of 30291?
False
Is 22 a factor of 62744?
True
Is 12 a factor of 2394?
False
Is 399 a multiple of 57?
True
Is 36 a factor of 718?
False
Is 67 a factor of 2373?
False
Does 36 divide 72462?
False
Is 7 a factor of 8568?
True
Is 5 a factor of 39?
False
Is 14586 a multiple of 33?
True
Is 9631 a multiple of 35?
False
Does 18 divide 5886?
True
Is 1356 a multiple of 47?
False
Does 12 divide 168?
True
Is 28 a factor of 7932?
False
Is 12650 a multiple of 110?
True
Does 6 divide 678?
True
Is 27 a factor of 3078?
True
Is 15 a factor of 27925?
False
Does 32 divide 2005?
False
Is 18358 a multiple of 177?
False
Is 201 even?
False
Does 151 divide 16569?
False
Is 135 a factor of 54945?
True
Is 225 a factor of 9525?
False
Is 1599 a multiple of 28?
False
Does 5 divide 400?
True
Is 8 a factor of 38154?
False
Is 13733 a multiple of 26?
False
Is 562 a multiple of 10?
False
Is 960 a multiple of 64?
True
Is 19 a factor of 1899?
False
Does 4 divide 112?
True
Is 7 a factor of 595?
True
Is 7932 a multiple of 68?
False
Is 38 a factor of 93898?
True
Is 14 a factor of 797?
False
Is 22302 a multiple of 118?
True
Does 11 divide 2335?
False
Does 34 divide 304?
False
Is 34794 a multiple of 7?
False
Is 17 a factor of 221?
True
Does 2 divide 597?
False
Is 3332 a multiple of 98?
True
Does 24 divide 413?
False
Does 47 divide 235?
True
Does 8 divide 19984?
True
Is 9 a factor of 711?
True
Is 11236 a multiple of 305?
False
Does 6 divide 58?
False
Does 8 divide 312?
True
Does 61 divide 18883?
False
Is 67 a factor of 159340?
False
Is 20 a factor of 4160?
True
Is 5024 a multiple of 8?
True
Does 5 divide 2389?
False
Is 440 a multiple of 32?
False
Is 926 a multiple of 6?
False
Does 17 divide 6868?
True
Is 32412 a multiple of 6?
True
Is 29 a factor of 22620?